r of 1352363 and 4033?
109
What is the greatest common divisor of 83762025 and 10950?
5475
What is the greatest common divisor of 307116 and 1203669?
171
What is the highest common divisor of 434790 and 3825?
45
What is the highest common factor of 52036630 and 14935?
515
What is the highest common divisor of 228333 and 5229?
1743
What is the highest common factor of 315045 and 6255?
45
What is the highest common divisor of 1464322 and 688?
86
What is the highest common divisor of 7848 and 42144741?
981
What is the greatest common divisor of 171461 and 15221?
31
Calculate the highest common divisor of 263540 and 350.
10
What is the highest common factor of 534 and 46870426?
178
What is the highest common factor of 73 and 186077?
73
Calculate the greatest common factor of 5931 and 7883617.
659
Calculate the greatest common factor of 286 and 64053.
11
Calculate the highest common divisor of 1580 and 10308315.
395
What is the greatest common factor of 948211519 and 509?
509
What is the greatest common divisor of 540 and 150659772?
12
Calculate the highest common divisor of 6453613 and 117749.
1613
Calculate the highest common factor of 13228152 and 12.
12
What is the highest common factor of 39103821 and 261?
9
What is the highest common divisor of 19823880 and 104160?
3720
What is the highest common divisor of 4275048 and 24?
24
Calculate the greatest common factor of 434 and 1373486.
62
What is the highest common divisor of 1007454 and 8994?
6
What is the greatest common divisor of 34740 and 375964?
772
What is the highest common divisor of 27530 and 578944888?
5506
What is the greatest common divisor of 11361 and 3111291?
1623
Calculate the greatest common divisor of 40240 and 5509862.
1006
What is the greatest common divisor of 269494210 and 1730?
1730
What is the highest common divisor of 75520 and 18640?
80
What is the highest common factor of 10859575 and 50?
25
What is the highest common factor of 969 and 4289661?
51
What is the greatest common factor of 472 and 257594?
118
Calculate the greatest common factor of 694140 and 2294940.
1380
What is the greatest common divisor of 20203 and 3441547?
227
Calculate the greatest common divisor of 330 and 311654310.
330
Calculate the greatest common factor of 13952682 and 108.
54
Calculate the highest common factor of 531108368 and 224.
112
What is the greatest common factor of 13992156 and 14688?
1836
What is the greatest common divisor of 55 and 490285?
5
Calculate the highest common divisor of 53379 and 3507198.
1977
Calculate the highest common factor of 14947406 and 23045.
419
Calculate the highest common divisor of 25040859 and 345.
69
What is the greatest common divisor of 40898 and 38478?
242
Calculate the greatest common divisor of 2052544 and 64.
64
What is the greatest common divisor of 15981386 and 695?
139
What is the greatest common divisor of 2126295909 and 333?
333
Calculate the highest common divisor of 3442609 and 94.
47
What is the highest common factor of 1755902 and 18542?
254
What is the highest common divisor of 2 and 333364780?
2
Calculate the greatest common factor of 8376 and 4752.
24
What is the highest common factor of 1560 and 7853880?
120
Calculate the highest common divisor of 1092 and 16131486.
42
What is the highest common factor of 1336 and 6654449?
167
Calculate the highest common factor of 1579453 and 68.
17
What is the highest common divisor of 20041686 and 186?
186
Calculate the greatest common divisor of 55 and 101006895.
55
Calculate the highest common factor of 1233 and 57381354.
1233
What is the greatest common factor of 272384 and 24052?
28
Calculate the greatest common factor of 731675040 and 960.
480
What is the highest common divisor of 2191891 and 421031?
1807
Calculate the greatest common divisor of 26072820 and 15900.
3180
Calculate the greatest common divisor of 9520 and 194800.
80
What is the greatest common factor of 4006 and 2023358492?
4006
Calculate the highest common factor of 185455803 and 4329.
1443
Calculate the greatest common factor of 1533343 and 583.
53
What is the highest common factor of 558 and 130154616?
558
What is the greatest common factor of 146 and 432257?
1
What is the greatest common divisor of 138 and 13461716?
46
What is the greatest common divisor of 20685 and 90360945?
2955
What is the greatest common divisor of 6994209 and 2235?
447
Calculate the greatest common factor of 221025982 and 142.
142
Calculate the highest common factor of 129972311 and 1918.
959
What is the highest common factor of 5741430 and 340470?
2910
Calculate the greatest common factor of 143689 and 4667.
13
What is the highest common factor of 6220 and 395481284?
1244
Calculate the highest common divisor of 4342 and 14074814.
26
Calculate the greatest common divisor of 4636600 and 23474.
194
What is the highest common divisor of 5685426 and 72?
18
Calculate the highest common divisor of 284629156 and 4.
4
Calculate the greatest common factor of 3404665 and 125609.
6611
Calculate the greatest common divisor of 20940 and 370.
10
Calculate the highest common divisor of 605805 and 2640.
15
Calculate the greatest common factor of 19992 and 118698216.
2856
What is the highest common divisor of 720 and 13915140?
60
What is the highest common factor of 867633 and 39?
39
What is the greatest common divisor of 47355 and 4214882?
287
Calculate the greatest common factor of 640 and 5135340.
20
What is the highest common factor of 34902018 and 252?
18
What is the highest common factor of 20956 and 1378?
26
Calculate the highest common factor of 8544 and 15288.
24
What is the highest common divisor of 5523750 and 1964?
982
Calculate the highest common factor of 8729860 and 1290.
430
Calculate the highest common factor of 14485771 and 437.
19
Calculate the greatest common factor of 8519996 and 2018.
2018
What is the greatest common divisor of 1405792242 and 6282?
6282
What is the greatest common divisor of 27125588 and 74?
74
Calculate the greatest common divisor of 56076 and 10752.
12
What is the greatest common factor of 116 and 180206174?
58
What is the greatest common factor of 12 and 187316?
4
Calculate the greatest common factor of 310 and 8823065.
155
What is the greatest common divisor of 225 and 394893?
9
Calculate the greatest common factor of 673842 and 582258.
318
What is the greatest common divisor of 16 and 43665712?
16
What is the greatest common divisor of 171435620 and 1220?
1220
Calculate the greatest common factor of 23786888 and 94.
94
Calculate the highest common divisor of 12 and 693627.
3
Calculate the highest common factor of 5724 and 39294306.
954
Calculate the greatest common factor of 29922 and 190.
2
What is the highest common divisor of 979 and 845331256?
979
What is the highest common factor of 18085592 and 172200?
2296
What is the greatest common divisor of 31829031 and 26?
13
Calculate the greatest common factor of 210683 and 604483.
1969
Calculate the highest common factor of 55908 and 138396.
12
Calculate the greatest common divisor of 713657 and 26151.
379
Calculate the greatest common factor of 6229117 and 1.
1
Calculate the greatest common factor of 1546677 and 1309.
187
Calculate the highest common divisor of 4140 and 221950.
230
What is the greatest common factor of 60 and 194157012?
12
Calculate the highest common divisor of 26432282 and 66896.
8362
Calculate the highest common divisor of 977538 and 2036964.
5118
What is the greatest common divisor of 6984988 and 3050?
122
What is the highest common factor of 9548 and 117271?
77
Calculate the greatest common factor of 21060 and 927630.
90
Calculate the greatest common factor of 7 and 541063369.
7
What is the highest common divisor of 2772 and 35918344?
308
What is the highest common factor of 1626854500 and 500?
500
Calculate the greatest common factor of 63860 and 2292791.
31
What is the greatest common divisor of 53 and 24322813?
53
Calculate the greatest common factor of 4185 and 20008485.
4185
What is the greatest common divisor of 40 and 5029690?
10
What is the greatest common divisor of 28104 and 224568?
24
Calculate the highest common divisor of 2060084 and 407849.
2977
Calculate the greatest common factor of 309867765 and 60.
15
Calculate the greatest common facto